l(r) = -r**2 - 3*r - 4. What is l(p)?
-14
Let o(c) = c**2 - 2*c + 1. Let z(h) = 4*h**2 - 5*h + 4. Let b(d) = -7*o(d) + 2*z(d). Suppose y - 3 + 1 = 0. Let q be -1 - y/2*4. What is b(q)?
6
Let l(i) = 8*i**2 - 6*i + 2. Let v(s) = 7*s**2 - 4*s + 2. Let y(a) = 2*l(a) - 3*v(a). Determine y(2).
-22
Let k(s) = -s + 10 - s**3 + 2*s**3 - 7 + 4*s**2. What is k(-4)?
7
Let u(d) = -d**2 - 2*d - 3*d**2 + d. Let i(y) = 3*y**2 + 0 - 6*y - 2*y**2 + 1. Let q be i(6). Calculate u(q).
-5
Let t(x) = -5*x**2 - 12*x + 3. Let p(i) = 14*i**2 + 35*i - 9. Suppose -3*o = 2*b - 28, -b + 2*b + 19 = 4*o. Let z(l) = o*p(l) + 17*t(l). What is z(6)?
-3
Let d(f) = -31*f + 5. Let u(l) = 6*l - 1. Let r(i) = 2*d(i) + 11*u(i). Give r(-1).
-5
Let y(l) = -3*l + 6. Suppose 0*t - 30 = 5*t. Let x be (t/(-4))/(18/48). What is y(x)?
-6
Let v(n) = n**3 - 7*n**2 - 8*n + 2. Let d be v(8). Suppose 8 = d*t - 2. Let j(z) be the third derivative of -z**4/24 - z**3/6 + 2*z**2. Give j(t).
-6
Let n(t) be the first derivative of -1 + 0*t + 1/2*t**2. Determine n(6).
6
Let n(j) = 12*j**3 - 3*j. Let i(c) = -c**2 - c - 1. Let h(v) = -i(v) + n(v). Calculate h(1).
12
Let n(b) = -b**2 + 1. Let h(c) = -3*c**2 + 1. Let w(v) = 2*h(v) - 5*n(v). Give w(-3).
-12
Let h(u) = u**3 + u - 1. Let f(i) = -3*i**2 + 5*i - 2. Let m(v) = f(v) - h(v). Let y be (2 - 3)/((-2)/(-6)). Determine m(y).
-13
Suppose 0 = -4*p + 5*k - 13, -k + 3 = -4*p - 6. Let v(f) = 2*f + 1. Let z(w) = w**2 + 4*w + 1. Let g(j) = -5*v(j) + 3*z(j). Calculate g(p).
6
Let f(a) be the third derivative of a**6/60 + a**5/30 + a**3/3 - 2*a**2. Suppose 0 = -y - 3*y + 52. Suppose 1 = u, 3*u + 0 = 5*w + y. Calculate f(w).
-6
Let l(z) = 1894*z + 1 - 3791*z + 1896*z. Suppose -3*r + 18 = 2*a, 0 = -r + 4*r - 5*a - 39. Let b = -11 + r. Determine l(b).
4
Suppose 3*i = 5*i. Let h(a) = a - 8. What is h(i)?
-8
Let x(q) = q**3 + 10*q**2 + 7. Let b be x(-10). Let o(c) = c**3 - 7*c**2 - c + 7. Give o(b).
0
Let p(y) = y**2 + 4*y - 5. Let f(u) = u - 1. Let g(j) = -3*f(j) - p(j). Calculate g(-6).
14
Let p(l) = l**3 + 6*l**2 + 5*l + 1. Suppose -4*y - r - 14 = r, -3*r + 14 = -y. Let m be p(y). Let q(f) = 3*f**2 - 1. Give q(m).
2
Let f(z) = 2*z**2 + 4*z - 1. Let l(p) = -p - 10. Let u(a) = 2*a - 2*a + 3*a - 4*a - 9. Let k(q) = 3*l(q) - 4*u(q). Let r be k(-9). Calculate f(r).
5
Let d(z) = z + 5*z - 5*z. Let f(q) = -2*q. Let b = 4 + -10. Let o(i) = b*f(i) - 13*d(i). Give o(3).
-3
Let a(z) = -23*z - 15*z + 28*z. What is a(1)?
-10
Let g = 3 - 1. Let o(b) = b**2 - 9*b - 1. Let l(p) = 4*p - 6. Let x(j) = -5*j + 7. Let f(w) = -6*l(w) - 5*x(w). Let r(y) = 4*f(y) + o(y). Calculate r(g).
-3
Let o be ((-18)/(-2))/3 - -2. Suppose -9 = 4*b + j - 2*j, -4*b - o*j + 21 = 0. Let r(d) = 4*d**2. Give r(b).
4
Let l(b) = 2*b + 5. Let y(v) = -4*v**3 - 3*v**2 - 6*v + 9. Let s(f) = -3*f**3 - 4*f**2 - 5*f + 8. Let p(h) = 3*s(h) - 2*y(h). Let q be p(-5). What is l(q)?
-3
Let z = -14 + 14. Suppose 3*t = 4*k + 36, -4*k = 4*t + 8 - z. Let g(x) = x - 7. What is g(k)?
-13
Let v(d) = -6*d - 1 - 2 + 0 + 2*d. Determine v(-4).
13
Let z(l) = l**3 - 3*l**2 - 4*l + 3. Suppose -2*g - 1 = -15. Let w be (g/(-21))/(2/(-24)). What is z(w)?
3
Suppose -6*z + 4*c = -z - 5, -2*z = 4*c - 30. Let r(p) be the first derivative of -p - 1/2*p**2 - 4. What is r(z)?
-6
Let j be (21/(-12))/(-7) - 54/(-8). Let b(k) = -k**2 + 9*k - 4. Give b(j).
10
Let g be (-2)/(-4)*2*-6. Let d be ((-10)/g - 1)*6. Let z(i) be the second derivative of i**4/12 - i**3/2 + i**2/2 - i. Calculate z(d).
5
Let s(k) be the second derivative of -k**3/6 + 7*k**2/2 + 13*k. Give s(-7).
14
Let g(k) = 4*k**2 - 7*k - 1. Let a(x) = x**2 + x. Let d(y) = 3*a(y) - g(y). Calculate d(8).
17
Let l(i) = 16*i - i**3 + 4 + 8*i**2 - 14*i - 9*i. Calculate l(7).
4
Let v be 1 - (-4)/(0 + -1). Let n = -1 + 3. Let k(a) = 3*a**n - 2*a**2 + 2*a + 3*a**2 - 3*a**2 + 3. Calculate k(v).
6
Let r(i) = -i**2 - 1 + 12*i**3 - 13*i**3 - 2*i**2. What is r(-2)?
-5
Let m(g) = -g**2 + 7*g - 6. Let k(j) = -2*j**2 + 15*j - 12. Let c(v) = 3*k(v) - 5*m(v). Determine c(8).
10
Let a = 50 - 55. Let k(g) = -7*g - 7. Let h(f) = -10*f - 1. Let d be h(1). Let m(q) = -13*q - 13. Let i(t) = d*k(t) + 6*m(t). Calculate i(a).
4
Let w(o) = o**3 - 7*o**2 + o + 1. Let b be (2/(-2))/(6/(-42)). Give w(b).
8
Let u(n) = -3*n - 2. Let c be u(0). Let x(r) = -r**2. Give x(c).
-4
Suppose 9*d - 12*d + 21 = 0. Let q(g) = g - 4. Determine q(d).
3
Let b(m) = -7*m**2 + 1. Let x be (2/(-3))/((-3)/(-9)). Let k be 4/(0/(-1) - x). Suppose -7 = t - k*a, -2 = 5*t - 2*a + 1. Give b(t).
-6
Let w(i) = i**3 - 7*i**2 - 1. Let j be w(7). Let l(h) = 4*h**2 - h. What is l(j)?
5
Let u be ((-1)/2 - 0)*10. Let x(a) be the first derivative of -5*a - 1/4*a**4 - 4/3*a**3 - 4 + 3/2*a**2. Give x(u).
5
Suppose 28 - 13 = -3*u. Let v(m) = m**2 + 4*m + 6. Determine v(u).
11
Let z(m) = -6*m + 2. Let s be 1*(0 - -2 - 1). Suppose -s + 11 = 5*b. Give z(b).
-10
Suppose 8 = 5*b - 12. Let u(i) = 2*i**2 + 10*i - 5. Let o be u(-6). Let j(t) = -7 + o - t**3 - b*t - 7*t**2 + 8. Give j(-6).
-4
Suppose 8*q + 10 = 6*q. Let f = 8 + q. Let m(l) = l**3 - 5*l**2 + 4*l - 2. What is m(f)?
-8
Let q(w) be the first derivative of -3*w**2 + 4*w + 15. Calculate q(3).
-14
Let t(y) = y - 11. Suppose 33 = -3*b + 3*l, -29 = 4*b + l - 5. Let k = b - -7. What is t(k)?
-11
Let j(l) = l**2 + 11*l + 10. Suppose -9*q = -10*q - 2*c - 6, -35 = 5*q + 5*c. What is j(q)?
-14
Let t(i) be the second derivative of -i**3/3 + 2*i**2 + i. Let r = 495 - 490. Determine t(r).
-6
Let p(t) = 4*t**3 + 2*t**2 + 3*t - 7. Let y(n) = 9*n**3 + 3*n**2 + 7*n - 15. Let i(a) = -7*p(a) + 3*y(a). Calculate i(-4).
-12
Let w(s) be the first derivative of -1/24*s**4 + 2/3*s**3 + 3 + 0*s - 1/2*s**2. Let z(a) be the second derivative of w(a). Give z(3).
1
Let v(r) = r - 1. Suppose -2*a + 32 = 2*a. Give v(a).
7
Let b(z) = z**3 + z - 3. Let g be b(0). Let v be (-4)/(-3) + (-2)/g. Let m(l) = 2*l**3 - 4*l**2 + 3*l - 1. Calculate m(v).
5
Let g(a) = -9*a + 17. Let i(s) = 4*s - 8. Let m(z) = -2*g(z) - 5*i(z). Suppose -y = -2*y. Suppose 20 = 4*n - y. Determine m(n).
-4
Suppose 4*h - p - 22 = p, -h + 7 = -2*p. Let n be 4 + 8/(4 + 0). Let o(a) = 4 - 1 + a**2 + 6 - n*a - 4. Give o(h).
0
Let t = -114 - -107. Let y(b) = b**3 + 6*b**2 - 7*b - 3. Determine y(t).
-3
Let k(x) = -3*x - 9. Let y be k(-6). Suppose 5*n + 4 = v - y, 4*v - 4*n = 20. Let c(d) = 2*d - 2 + 2*d**3 + 2*d**v - 3*d**3 - 4*d**2. Determine c(3).
-5
Let u(p) be the first derivative of p**4/4 + 2*p**3 + 7*p**2/2 + 35. Let d be (1/2)/((-1)/10). What is u(d)?
-10
Let d = 5 - 0. Suppose 6*b + t = b - 20, -d*b - 20 = -2*t. Let h(r) be the second derivative of r**4/12 + 7*r**3/6 + 3*r**2 + 29*r. Calculate h(b).
-6
Let q(k) = 2*k**2 + 4*k - 1. Suppose -1 = 3*j + 8. What is q(j)?
5
Let l(o) be the second derivative of -o**5/120 - o**4/12 + o**3/6 + o. Let f(c) be the second derivative of l(c). Let n = 61 - 64. Determine f(n).
1
Let p(i) = i**2 + i - 54. Let n be p(0). Let b be (-12)/n - 25/(-9). Let c(o) = o**3 - 2*o**2 - 4*o + 1. Calculate c(b).
-2
Let o = -42 + 45. Let w(m) = -m**3 + 3*m**2 - 2*m + 1. What is w(o)?
-5
Suppose 15 = -o - 3*r, -2*o - 20 = o + 4*r. Let f(t) be the second derivative of 0 - t - 5/2*t**2 - 1/6*t**3. Determine f(o).
-5
Suppose 0*j = -j - 21. Let y = j - -25. Let i(o) = o**2 - 4*o + 4. Calculate i(y).
4
Let n = -3 - -5. Let o(g) = n*g + 4*g - 3*g - 4. Suppose -4*k = -2*y + 26, -6 = -5*y - 2*k - 1. Determine o(y).
5
Let k(s) = -s**2 + 7*s - 1. Let l(f) = -f**2 - 3*f - 2. Let d be l(-3). Let r = 1 - d. Determine k(r).
11
Let t(g) = -4 - 6 + 18 - 6*g**2 - 7*g + g**3. What is t(7)?
8
Let d(y) = -y. Suppose 0 = -3*f - 3 - 15. Let o = 3 + f. Determine d(o).
3
Let k(a) = 3*a**3 + 5*a**2 + 1. Let p(u) = 4*u**3 + 5*u**2 + u + 1. Suppose 6*i - 2*i - 20 = 0. Let c = -12 + 8. Let f(v) = c*p(v) + i*k(v). Calculate f(4).
1
Let v(g) be the third derivative of -g**4/24 + g**3 - 9*g**2. Give v(12).
-6
Let l(r) = -2*r**3 - r**2 + 8*r - 3. Let s(z) = -z**3 - z**2 + 4*z - 1. Let g = 2 + -5. Let b(f) = g*l(f) + 5*s(f). Give b(3).
1
Let l be (3/(9/15))/1. Suppose 5*p = -5*k - 10, -28 = l*p - 0*p - k. Let z(r) = 3*r - 7. Let u(a) = 2*a - 4. Let x(o) = 5*u(o) - 3*z(o). What is x(p)?
-4
Let x(k) = -k + 2*k + 3 - 2 + 4. Let h(b) = b**2 - 3*b - 4. Let l be h(4). Let d be (2